s 83449 composite?
False
Is 261319 composite?
True
Is 52163 a composite number?
False
Is 689 composite?
True
Is 23159 prime?
True
Is 52489 a composite number?
False
Is 57089 prime?
True
Is 4197 a composite number?
True
Is 28493 composite?
False
Is 416947 a prime number?
True
Is 531653 prime?
False
Is 3121163 a prime number?
True
Is 12083 a prime number?
False
Is 1138321 prime?
False
Is 22934 a composite number?
True
Is 6247 prime?
True
Is 1374949 a composite number?
True
Is 235349 a composite number?
False
Is 44617 a composite number?
False
Is 276707 a composite number?
False
Is 166307 a prime number?
False
Is 1672199 prime?
True
Is 2939 a prime number?
True
Is 150809 a composite number?
True
Is 343345 a prime number?
False
Is 5114 a prime number?
False
Is 5057 a prime number?
False
Is 65279 a prime number?
False
Is 105951 a composite number?
True
Is 114157 a prime number?
True
Is 130927 a composite number?
False
Is 17321 prime?
True
Is 22307 composite?
False
Is 20807 a composite number?
False
Is 574531 a composite number?
True
Is 2518273 a composite number?
True
Is 29615 a prime number?
False
Is 56363 a prime number?
False
Is 9895 a composite number?
True
Is 101641 a prime number?
True
Is 38971 prime?
True
Is 21211 composite?
False
Is 29398 a prime number?
False
Is 23279 a prime number?
True
Is 31147 a prime number?
True
Is 3864741 prime?
False
Is 697 composite?
True
Is 48703 composite?
True
Is 33481 a composite number?
True
Is 1141 a prime number?
False
Is 101521 a composite number?
True
Is 148145 prime?
False
Is 24437 composite?
True
Is 844333 a prime number?
False
Is 328407 composite?
True
Is 500231 a composite number?
False
Is 19603 prime?
True
Is 343061 composite?
False
Is 26377 composite?
True
Is 109981 prime?
False
Is 31285 prime?
False
Is 853529 a composite number?
False
Is 33539 composite?
True
Is 54151 a prime number?
True
Is 209 composite?
True
Is 1693 composite?
False
Is 14591 composite?
False
Is 7798457 prime?
True
Is 100727 a composite number?
True
Is 396127 a prime number?
False
Is 84291 composite?
True
Is 50965 prime?
False
Is 24137 prime?
True
Is 1477 a prime number?
False
Is 152983 a composite number?
True
Is 62341 a prime number?
False
Is 89341 prime?
False
Is 562577 prime?
True
Is 264161 prime?
False
Is 2094569 prime?
True
Is 647849 a prime number?
False
Is 164009 a composite number?
True
Is 767801 composite?
True
Is 172105 composite?
True
Is 1117 composite?
False
Is 61463 prime?
True
Is 42815 a prime number?
False
Is 410551 a prime number?
True
Is 73543 a prime number?
False
Is 2360041 composite?
True
Is 118967 a composite number?
False
Is 8861 a prime number?
True
Is 314879 prime?
True
Is 52651 prime?
False
Is 52795 a prime number?
False
Is 12047 a prime number?
False
Is 564593 a prime number?
True
Is 8341 a prime number?
False
Is 36251 a composite number?
False
Is 11015 a prime number?
False
Is 4691 a prime number?
True
Is 27163 a composite number?
True
Is 24317 a composite number?
False
Is 15223 a composite number?
True
Is 83705 a composite number?
True
Is 12661 a composite number?
True
Is 8521 composite?
False
Is 18529 prime?
False
Is 66653 composite?
False
Is 1138 composite?
True
Is 189797 a prime number?
True
Is 91621 prime?
True
Is 140789 a composite number?
True
Is 59603 composite?
True
Is 220753 composite?
True
Is 19829 composite?
True
Is 8287 a composite number?
False
Is 1139 a prime number?
False
Is 19207 prime?
True
Is 29621 prime?
False
Is 71527 a composite number?
False
Is 234083 composite?
False
Is 102389 a composite number?
True
Is 9587 prime?
True
Is 250777 prime?
True
Is 2251 prime?
True
Is 1191 prime?
False
Is 770227 prime?
True
Is 141761 prime?
True
Is 21839 prime?
True
Is 57329 composite?
False
Is 2559 composite?
True
Is 21419 composite?
False
Is 655987 a prime number?
True
Is 1018543 composite?
False
Is 3503 prime?
False
Is 42301 prime?
False
Is 2047 a composite number?
True
Is 2459 a composite number?
False
Is 43207 a composite number?
False
Is 20134 a composite number?
True
Is 57614 a prime number?
False
Is 22523 prime?
False
Is 2329 a prime number?
False
Is 96517 a composite number?
False
Is 5981 composite?
False
Is 85297 a prime number?
True
Is 221246 a composite number?
True
Is 11657 composite?
False
Is 1770787 prime?
True
Is 1631 prime?
False
Is 33443 prime?
False
Is 40231 composite?
False
Is 190126 prime?
False
Is 8147 a prime number?
True
Is 2719 a composite number?
False
Is 42782 prime?
False
Is 15969 a composite number?
True
Is 4171 a composite number?
True
Is 10871 prime?
False
Is 463289 composite?
True
Is 171283 composite?
True
Is 158215 a composite number?
True
Is 74791 prime?
False
Is 17243 a prime number?
False
Is 18529 composite?
True
Is 5777 prime?
False
Is 51227 a prime number?
False
Is 461845 a prime number?
False
Is 1087231 a prime number?
True
Is 594039 composite?
True
Is 29513 a prime number?
False
Is 13073 composite?
True
Is 65479 a composite number?
False
Is 239657 composite?
True
Is 243669 prime?
False
Is 9299 a composite number?
True
Is 183437 a prime number?
True
Is 88115 composite?
True
Is 18371 prime?
True
Is 288049 prime?
True
Is 1227287 a composite number?
True
Is 1167 composite?
True
Is 105845 a composite number?
True
Is 528539 a prime number?
False
Is 802981 a prime number?
False
Is 482269 a prime number?
False
Is 19889 composite?
False
Is 149263 composite?
True
Is 54155 a composite number?
True
Is 8939 a composite number?
True
Is 1921 composite?
True
Is 1030349 prime?
True
Is 15053 a composite number?
False
Is 29297 composite?
False
Is 404773 prime?
True
Is 1260407 a composite number?
True
Is 1439 a prime number?
True
Is 7555 prime?
False
Is 20977 composite?
True
Is 6733 a prime number?
True
Is 3637 a composite number?
False
Is 114143 composite?
False
Is 175603 a prime number?
False
Is 38039 a prime number?
True
Is 5737 prime?
True
Is 327419 a prime number?
True
Is 39499 a prime number?
True
Is 20849 prime?
True
Is 717 a composite number?
True
Is 4507 prime?
True
Is 123787 composite?
False
Is 20039 a prime number?
False
Is 29741 a prime number?
True
Is 38071 a composite number?
True
Is 11263663 composite?
False
Is 1931 composite?
False
Is 1801 prime?
True
Is 5422 a composite number?
True
Is 38633 prime?
False
Is 2323 composite?
True
Is 787 prime?
True
Is 56837 prime?
False
Is 19517 composite?
True
Is 41891 a prime number?
False
Is 5347 prime?
True
Is 420031 a composite number?
True
Is 98999 composite?
False
Is 1404733 composite?
True
Is 8903 a prime number?
False
Is 108067 a prime number?
False
Is 225595 a prime number?
False
Is 53213 prime?
False
Is 9029 a composite number?
False
Is 577127 prime?
False
Is 191599 composite?
False
Is 7123 composite?
True
Is 110119 prime?
True
Is 4009 prime?
False
Is 32251 a composite number?
False
Is 20803 composite?
True
Is 1492417 a composite number?
False
Is 17729 a prime number?
True
Is 4561 composite?
False
Is 12829 a composite number?
False
Is 40633 composite?
True
Is 44567 a prime number?
False
Is 46049 a composite number?
False
Is 179549 prime?
True
Is 11791 a prime number?
False
Is 34754 a composite number?
True
Is 90227 a composite number?
False
Is 481157 composite?
False
Is 5809 a prime number?
False
Is 15527 composite?
False
Is 256819 a composite number?
True
Is 4201 composite?
False
Is 17159 a composite number?
False
Is 3740981 prime?
True
Is 15439 prime?
True
Is 344587 a composite number?
False
Is 149599 a prime number?
False
Is 3433 a composite number?
False
Is 90313 a prime number?
True
Is 4423 prime?
True
Is 3937 prime?
False
Is 1089917 a prime number?
True
Is 11113 a prime number?
True
Is 45065 a composite number?
True
Is 18839 a prime number?
True
Is 99449 a prime number?
False
Is 276509 prime?
False
Is 2179 a composite number?
False
Is 6805 composite?
True
Is 20911 a prime number?
False
Is 2172367 a prime number?
True
Is 8251 prime?
False
Is 1547489 a prime number?
False
Is 57094 a prime number?
False
Is 20477 composite?
False
Is 189029 composite?
True
Is 37451 composite?
True
Is 133531 prime?
False
Is 77461 a prime number?
False
Is 47521 prime?
True
Is 59277 a prime number?
False
Is 90595 prime?
False
Is 630007 prime?
False
Is 910981 prime?
True
Is 52259 composite?
False
Is 85639 prime?
True
Is 624763 a compo